{"id":316,"date":"2024-09-07T09:10:03","date_gmt":"2024-09-07T09:10:03","guid":{"rendered":"http:\/\/brischni.de\/?page_id=316"},"modified":"2024-09-07T09:19:42","modified_gmt":"2024-09-07T09:19:42","slug":"kommissar-wellington-fall-5","status":"publish","type":"page","link":"https:\/\/brischni.de\/?page_id=316","title":{"rendered":"Kommissar Wellington Fall 5"},"content":{"rendered":"\t\t<div data-elementor-type=\"wp-page\" data-elementor-id=\"316\" class=\"elementor elementor-316\">\n\t\t\t\t\t\t<div class=\"elementor-inner\">\n\t\t\t\t<div class=\"elementor-section-wrap\">\n\t\t\t\t\t\t\t\t\t<section class=\"elementor-section elementor-top-section elementor-element elementor-element-a7a77c7 elementor-section-boxed elementor-section-height-default elementor-section-height-default\" data-id=\"a7a77c7\" data-element_type=\"section\">\n\t\t\t\t\t\t<div class=\"elementor-container elementor-column-gap-default\">\n\t\t\t\t\t\t\t<div class=\"elementor-row\">\n\t\t\t\t\t<div class=\"elementor-column elementor-col-100 elementor-top-column elementor-element elementor-element-97fbc7f\" data-id=\"97fbc7f\" data-element_type=\"column\">\n\t\t\t<div class=\"elementor-column-wrap elementor-element-populated\">\n\t\t\t\t\t\t\t<div class=\"elementor-widget-wrap\">\n\t\t\t\t\t\t<div class=\"elementor-element elementor-element-27108a2 elementor-widget elementor-widget-heading\" data-id=\"27108a2\" data-element_type=\"widget\" data-widget_type=\"heading.default\">\n\t\t\t\t<div class=\"elementor-widget-container\">\n\t\t\t<h2 class=\"elementor-heading-title elementor-size-default\">Kommissar Wellington in K\u00f6ln<\/h2>\t\t<\/div>\n\t\t\t\t<\/div>\n\t\t\t\t\t\t<\/div>\n\t\t\t\t\t<\/div>\n\t\t<\/div>\n\t\t\t\t\t\t\t\t<\/div>\n\t\t\t\t\t<\/div>\n\t\t<\/section>\n\t\t\t\t<section class=\"elementor-section elementor-top-section elementor-element elementor-element-ec1b5a3 elementor-section-boxed elementor-section-height-default elementor-section-height-default\" data-id=\"ec1b5a3\" data-element_type=\"section\">\n\t\t\t\t\t\t<div class=\"elementor-container elementor-column-gap-default\">\n\t\t\t\t\t\t\t<div class=\"elementor-row\">\n\t\t\t\t\t<div class=\"elementor-column elementor-col-100 elementor-top-column elementor-element elementor-element-d7c5f17\" data-id=\"d7c5f17\" data-element_type=\"column\">\n\t\t\t<div class=\"elementor-column-wrap elementor-element-populated\">\n\t\t\t\t\t\t\t<div class=\"elementor-widget-wrap\">\n\t\t\t\t\t\t<div class=\"elementor-element elementor-element-5edb50c elementor-widget elementor-widget-text-editor\" data-id=\"5edb50c\" data-element_type=\"widget\" data-widget_type=\"text-editor.default\">\n\t\t\t\t<div class=\"elementor-widget-container\">\n\t\t\t\t\t\t\t\t<div class=\"elementor-text-editor elementor-clearfix\">\n\t\t\t\t<p class=\"MsoNormal\">Kommissar Wellington war endg\u00fcltig nach K\u00f6ln versetzt worden. Er wohnte in der N\u00e4he des Doms und seine Assistentin, Olga Willnochmal, wohnte ganz in seiner N\u00e4he. Olga, dieses scharfe Luder, heizte Wellington ganz sch\u00f6n ein. Manchmal w\u00fcnschte er sich zur\u00fcck in die Zeit wo er Olga noch nicht kannte. Zudem war Wellington nun Leiter der Sitte. Er wollte einfach weg von Mord und <br \/>Todschlag und da schien ihm die Sitte gerade richtig. Insgesamt schien sich Wellingtons Leben in positive Bahnen zu begeben.<\/p><p class=\"MsoNormal\">Wellington wusste allerdings nicht, dass sein gro\u00dfer Widersacher gerade aus Ungarn nach K\u00f6ln gezogen war. Die Rede ist von Wladislaw Speckinski, diesem gemeinen \u00fcblen Meiderich. Er verkaufte nun rosa T\u00fct\u00fcs f\u00fcr M\u00e4nner und trat selber als Model auf. Speckinski plante \u00fcbles was Wellington betraf. Hierf\u00fcr gab es mehrere Gr\u00fcnde: Speckinski mochte Wellington nicht. Zudem stand er auf Olga Willnochmal und die Sache an der Burg (Folge 4) hatte er Wellington immer noch nicht verziehen.<\/p><p class=\"MsoNormal\">Zudem fahndete Wellington mittlerweile nach Speckinski, ohne dies zu wissen. Ein kleiner, rundlicher, stark behaarter Mann trat n\u00e4mlich mittlerweile \u00f6fters im Bahnhof oder auf der Hohe Stra\u00dfe auf und trug dabei nur ein rosa T\u00fct\u00fc. Wellington hielt dies f\u00fcr einen Fall, den die Sitte l\u00f6sen m\u00fcsse. Hier\u00fcber geriet er in Streit mit Olga Willnochmal. Diese fand den Typen im rosa T\u00fct\u00fc n\u00e4mlich geil. Sie fand, dass der Typ irgendwie etwas an sich h\u00e4tte und au\u00dferdem sei er sehr maskulin.<\/p><p class=\"MsoNormal\">Hier m\u00fcssen wir eine Pause machen, denn wir k\u00f6nnen daraus etwas lernen. So scharfe Luder wie Olga stehen auf Typen im rosa T\u00fct\u00fc. Das sollte man sich f\u00fcr sein n\u00e4chstes Date merken.<\/p><p class=\"MsoNormal\"><span style=\"font-size: 14px; color: var( --e-global-color-text );\">Speckinski war im Begriff Wellingtons Freundin Olga diesem auszuspannen. Noch schlimmer: Wellington dachte mittlerweile dar\u00fcber nach sich auch ein rosa T\u00fct\u00fc zu kaufen und damit f\u00fcr Olga zu tanzen. Aber manchmal spielt das Schicksal eine besondere Rolle und alles kommt anders als man denkt.\u00a0<\/span><\/p>\t\t\t\t\t<\/div>\n\t\t\t\t\t\t<\/div>\n\t\t\t\t<\/div>\n\t\t\t\t\t\t<\/div>\n\t\t\t\t\t<\/div>\n\t\t<\/div>\n\t\t\t\t\t\t\t\t<\/div>\n\t\t\t\t\t<\/div>\n\t\t<\/section>\n\t\t\t\t<section class=\"elementor-section elementor-top-section elementor-element elementor-element-c75161a elementor-section-boxed elementor-section-height-default elementor-section-height-default\" data-id=\"c75161a\" data-element_type=\"section\">\n\t\t\t\t\t\t<div class=\"elementor-container elementor-column-gap-default\">\n\t\t\t\t\t\t\t<div class=\"elementor-row\">\n\t\t\t\t\t<div class=\"elementor-column elementor-col-100 elementor-top-column elementor-element elementor-element-a9d0be2\" data-id=\"a9d0be2\" data-element_type=\"column\">\n\t\t\t<div class=\"elementor-column-wrap elementor-element-populated\">\n\t\t\t\t\t\t\t<div class=\"elementor-widget-wrap\">\n\t\t\t\t\t\t<div class=\"elementor-element elementor-element-ca6be34 elementor-widget elementor-widget-image\" data-id=\"ca6be34\" data-element_type=\"widget\" data-widget_type=\"image.default\">\n\t\t\t\t<div class=\"elementor-widget-container\">\n\t\t\t\t\t\t\t\t<div class=\"elementor-image\">\n\t\t\t\t\t\t\t\t\t\t\t\t<img loading=\"lazy\" decoding=\"async\" width=\"1024\" height=\"768\" src=\"https:\/\/brischni.de\/wp-content\/uploads\/2024\/09\/IMG20210415WA0020-1024x768.jpg\" class=\"attachment-large size-large\" alt=\"\" srcset=\"https:\/\/brischni.de\/wp-content\/uploads\/2024\/09\/IMG20210415WA0020-1024x768.jpg 1024w, https:\/\/brischni.de\/wp-content\/uploads\/2024\/09\/IMG20210415WA0020-300x225.jpg 300w, https:\/\/brischni.de\/wp-content\/uploads\/2024\/09\/IMG20210415WA0020-768x576.jpg 768w, https:\/\/brischni.de\/wp-content\/uploads\/2024\/09\/IMG20210415WA0020.jpg 1600w\" sizes=\"(max-width: 1024px) 100vw, 1024px\" \/>\t\t\t\t\t\t\t\t\t\t\t\t\t\t<\/div>\n\t\t\t\t\t\t<\/div>\n\t\t\t\t<\/div>\n\t\t\t\t\t\t<\/div>\n\t\t\t\t\t<\/div>\n\t\t<\/div>\n\t\t\t\t\t\t\t\t<\/div>\n\t\t\t\t\t<\/div>\n\t\t<\/section>\n\t\t\t\t<section class=\"elementor-section elementor-top-section elementor-element elementor-element-765af61 elementor-section-boxed elementor-section-height-default elementor-section-height-default\" data-id=\"765af61\" data-element_type=\"section\">\n\t\t\t\t\t\t<div class=\"elementor-container elementor-column-gap-default\">\n\t\t\t\t\t\t\t<div class=\"elementor-row\">\n\t\t\t\t\t<div class=\"elementor-column elementor-col-100 elementor-top-column elementor-element elementor-element-8291eb4\" data-id=\"8291eb4\" data-element_type=\"column\">\n\t\t\t<div class=\"elementor-column-wrap elementor-element-populated\">\n\t\t\t\t\t\t\t<div class=\"elementor-widget-wrap\">\n\t\t\t\t\t\t<div class=\"elementor-element elementor-element-eceff63 elementor-widget elementor-widget-text-editor\" data-id=\"eceff63\" data-element_type=\"widget\" data-widget_type=\"text-editor.default\">\n\t\t\t\t<div class=\"elementor-widget-container\">\n\t\t\t\t\t\t\t\t<div class=\"elementor-text-editor elementor-clearfix\">\n\t\t\t\t<p><span style=\"font-size: 14px; color: var( --e-global-color-text );\">Ein K\u00f6ln Tischtennisspieler namens Wolle Kn\u00f6terich hatte n\u00e4mlich zu viel Cous Cous gegessen und ging so zum Training. Sein Weg f\u00fchrte ihn an der Rheinpromenade entlang. Dort verfolgte Wellington gerade, ohne zu wissen um wen es sich handelte, den Sittenstrolch .Speckinski. Eine Frau Sieglinde\u00a0<\/span><span style=\"font-size: 14px; color: var( --e-global-color-text );\">aus K\u00f6ln Kalk hatte Speckinski im rosa T\u00fct\u00fc auf der Promenade entdeckt und\u00a0<\/span><span style=\"font-size: 14px; color: var( --e-global-color-text );\">sofort die Polizei verst\u00e4ndigt. Und nun stand Wellington kurz davor den T\u00e4ter\u00a0<\/span><span style=\"font-size: 14px; color: var( --e-global-color-text );\">zu verhaften. W\u00e4re da nicht Wolle Kn\u00f6terich gewesen\u2026\u2026..\u00dcbrigens: Wolle\u00a0<\/span><span style=\"font-size: 14px; color: var( --e-global-color-text );\">Kn\u00f6terich wird in den n\u00e4chsten Folgen nicht wieder mitspielen. Der Typ isst\u00a0<\/span><span style=\"font-size: 14px; color: var( --e-global-color-text );\">laufend Cous Cous und hat dann stets gewaltige Bl\u00e4hungen.<\/span><\/p><p>Doch was geschah? Wolle Kn\u00f6terich entlud seine gewaltigen Bl\u00e4hungen nahe der Rheinbr\u00fccke am Zoo. Die gewaltige Ersch\u00fctterung und die unsagbare Duftnote warfen Speckinski sofort in den Rhein und aufgrund der<br \/>gewaltigen Str\u00f6mung war das rosa T\u00fct\u00fc bald schon nicht mehr zu sehen. Olga Willnochmal weinte \u00fcber das Schicksal des Speckinski und Wellington fluchte und beschimpfte Wolle Kn\u00f6terich. Ein Fischotter schwamm \u00fcbrigens gerade<br \/>des Weges und wurde mit der Cous Cous Duftnote konfrontiert. Das arme Tier litt danach l\u00e4nger unter Appetitlosigkeit. Zudem ging ein Matrose eines leichten Schoners \u00fcber Bord als er den gewaltigen Knall vernahm. Ein Rettungsschwimmer<br \/>der Rodenkirchener DLRG konnte den Matrosen sicher an Land bringen. Sehr viel Aufregung und das nur wegen Cous Cous.<\/p><p>So endete Wellingtons erster Fall in K\u00f6ln. Aber wie geht es weiter? \u00dcberlebte Speckinski im Rhein und wenn ja wo kam er aus dem Wasser? Tr\u00e4gt Wellington nun \u00f6fters ein rosa T\u00fct\u00fc speziell f\u00fcr Olga? Isst Wolle Kn\u00f6terich weiterhin so viel Cous Cous und trainiert flei\u00dfig und warum spielt Wolle Kn\u00f6terich nicht weiter in den Wellington Folgen mit? Fragen \u00fcber Fragen, die es zu beantworten gilt\u2026..Mehr dazu in Folge 6, die in B\u00e4lde erscheint.\u00a0<\/p>\t\t\t\t\t<\/div>\n\t\t\t\t\t\t<\/div>\n\t\t\t\t<\/div>\n\t\t\t\t\t\t<\/div>\n\t\t\t\t\t<\/div>\n\t\t<\/div>\n\t\t\t\t\t\t\t\t<\/div>\n\t\t\t\t\t<\/div>\n\t\t<\/section>\n\t\t\t\t\t\t\t\t\t<\/div>\n\t\t\t<\/div>\n\t\t\t\t\t<\/div>\n\t\t","protected":false},"excerpt":{"rendered":"<p>Kommissar Wellington in K\u00f6ln Kommissar Wellington war endg\u00fcltig nach K\u00f6ln versetzt worden. Er wohnte in der N\u00e4he des Doms und seine Assistentin, Olga Willnochmal, wohnte ganz in seiner N\u00e4he. Olga, dieses scharfe Luder, heizte Wellington ganz sch\u00f6n ein. Manchmal w\u00fcnschte er sich zur\u00fcck in die Zeit wo er Olga noch nicht kannte. Zudem war Wellington [&hellip;]<\/p>\n","protected":false},"author":1,"featured_media":0,"parent":0,"menu_order":0,"comment_status":"closed","ping_status":"closed","template":"","meta":{"footnotes":""},"class_list":["post-316","page","type-page","status-publish","hentry","entry"],"_links":{"self":[{"href":"https:\/\/brischni.de\/index.php?rest_route=\/wp\/v2\/pages\/316"}],"collection":[{"href":"https:\/\/brischni.de\/index.php?rest_route=\/wp\/v2\/pages"}],"about":[{"href":"https:\/\/brischni.de\/index.php?rest_route=\/wp\/v2\/types\/page"}],"author":[{"embeddable":true,"href":"https:\/\/brischni.de\/index.php?rest_route=\/wp\/v2\/users\/1"}],"replies":[{"embeddable":true,"href":"https:\/\/brischni.de\/index.php?rest_route=%2Fwp%2Fv2%2Fcomments&post=316"}],"version-history":[{"count":7,"href":"https:\/\/brischni.de\/index.php?rest_route=\/wp\/v2\/pages\/316\/revisions"}],"predecessor-version":[{"id":326,"href":"https:\/\/brischni.de\/index.php?rest_route=\/wp\/v2\/pages\/316\/revisions\/326"}],"wp:attachment":[{"href":"https:\/\/brischni.de\/index.php?rest_route=%2Fwp%2Fv2%2Fmedia&parent=316"}],"curies":[{"name":"wp","href":"https:\/\/api.w.org\/{rel}","templated":true}]}}